e x(-4). Let i(v) = v**3 - 5*v**2 + 5*v + 2. Let d be i(5). Suppose 37 = p - d. Calculate the highest common divisor of w and p.
16
Let u(m) = -3*m - 22. Let n be u(-9). Calculate the greatest common factor of n and 45.
5
Suppose -d + 44 = d. Suppose -3*q = 4*p + 2*q - 83, 0 = -p + 5*q + 27. What is the greatest common factor of d and p?
22
Let k be (6/(-9))/((-2)/36). Let i = 239 - 179. Calculate the greatest common divisor of k and i.
12
Let i be (-396)/(-45) + 1/5. What is the highest common divisor of i and 9?
9
Let s = -147 + 197. Calculate the greatest common divisor of s and 100.
50
Let o be (-20)/(-15)*(-57)/(-4). What is the greatest common divisor of 57 and o?
19
Let q = 28 - -2. Let l(m) = -3*m - 15. Let g be l(-10). What is the highest common factor of q and g?
15
Let x(l) = 10*l**2 - l. Let s be x(1). Suppose -f + 6 = -s. Let t be 2314/22 + (-2)/11. Calculate the greatest common divisor of t and f.
15
Suppose -2*s = -0*s - 4. Let y be 0 - (3 - s) - -30. Let m = y + -15. What is the highest common divisor of m and 112?
14
Let q(a) = 2*a**2 + 0*a**2 + 3*a - 6*a + 5. Let r be q(5). Let n be ((-15)/(-9))/((-2)/(-12)). Calculate the greatest common factor of n and r.
10
Let n = 63 - 37. Suppose -n - 24 = -a. Calculate the greatest common factor of a and 10.
10
Let b(s) = s**2 - 22*s + 70. Let a be b(22). Suppose -8 = -3*t - t. Suppose t*v - 28 = -0*v. What is the highest common divisor of a and v?
14
Let c be (-1)/4 - (-63)/12. Suppose -c - 7 = -4*d. Calculate the highest common factor of d and 27.
3
Let w = -4 - -1. Let p be -3*(1 + 121/w). Let b be p/5 + (-6)/(-15). Calculate the greatest common divisor of b and 6.
6
Let y(r) = -r**2 - 8*r + 1. Let m be y(-9). Let s = -5 - m. Calculate the highest common factor of s and 21.
3
Let l = 16 - 6. Suppose 76 = -l*a + 14*a. Suppose 488 = 2*d + 108. What is the greatest common divisor of a and d?
19
Let p(x) = -x + 6. Let a(w) = w**2 - 9*w. Let j be a(9). Let i be p(j). What is the greatest common factor of 15 and i?
3
Let t be 0 + 0 + (4 - -204). Calculate the greatest common factor of 26 and t.
26
Let b = 4 - 1. Suppose -b*z = -8 - 64. Calculate the greatest common divisor of z and 3.
3
Let o = 1 - 1. Suppose b - 3*b - 16 = 0. Let a = o - b. What is the highest common divisor of 24 and a?
8
Let c(z) = z + 2. Let v be c(0). Let f be 2/1 - v - -110. Let w(i) = i**3 - i**2 - i - 4. Let l be w(3). What is the highest common factor of f and l?
11
Let j(w) = w**2 + 5*w - 9. Let a be j(-7). Calculate the highest common divisor of 5 and a.
5
Let j(x) be the second derivative of 7*x**3/2 - 6*x**2 + x. Let u be -10*(0 + 2)*(-1)/2. Let w be j(u). Calculate the greatest common divisor of 18 and w.
18
Let d(n) = n + 8. Let x be d(8). Calculate the greatest common divisor of 24 and x.
8
Suppose -d + 32 + 10 = 0. Suppose d = 3*z - z. Let m be (-10)/(-30) - (-628)/6. What is the highest common divisor of z and m?
21
Suppose -36 = -4*k - 3*m, 0 = -k - 3*k - 5*m + 44. Let w be 2 - 0/(0 - -2). Calculate the highest common factor of w and k.
2
Suppose 2*z = 2*n - z + 29, -3*n + 2*z = 41. Let c(p) = -p**2 - 10*p + 10. Let i be c(-9). Let m = n + i. What is the highest common divisor of 48 and m?
6
Let u be -2 + (-7)/(7/(-10)). Suppose -2*y = -u + 2. Calculate the greatest common divisor of y and 24.
3
Let l = 27 + -9. Let g be (-56)/(-6) + (-13)/39. Calculate the greatest common factor of l and g.
9
Suppose 4*u - 20 = -u, -f = -5*u + 10. Calculate the greatest common divisor of f and 70.
10
Let o be 18 - (0 - (-6 - -2)). Suppose -j + 140 = -0*j. What is the highest common divisor of o and j?
14
Let v = 4 + 2. Suppose 0 = u + 3 - 33. What is the greatest common divisor of u and v?
6
Let r = 33 + -23. What is the greatest common factor of 2 and r?
2
Suppose -4*y = -y - 108. What is the highest common factor of 24 and y?
12
Let o = 14 + -1. What is the greatest common factor of 65 and o?
13
Suppose -g = -1 - 5. Suppose -2*c - q + 36 = 2*q, 0 = q + 4. Calculate the highest common factor of c and g.
6
Let x be 36 + 1 - (-2)/(-1). Let n(o) = -3*o + 3. Let d be n(-6). Let v be (d/(-3))/(3/(-6)). Calculate the highest common factor of v and x.
7
Let v = 98 - 53. Let z be ((-2)/(-4))/(1/36). What is the greatest common divisor of v and z?
9
Let b = -22 - -12. Let n(q) = q**3 - 4*q**2 - 7*q + 5. Let y be n(5). Let m = y - b. Calculate the highest common factor of m and 25.
5
Suppose 0 = y + 3*y. Suppose 3*z - 2*z + 9 = y. Let c(t) = t**3 + 10*t**2 + 7*t + 2. Let h be c(z). What is the highest common factor of h and 160?
20
Suppose 0*s - t - 7 = s, -2*s + 4*t = -16. Let r be s*(2/(-1) - 6). Calculate the greatest common factor of 16 and r.
16
Let c(f) = 2*f**3 + 1 - 8*f**2 - f**3 - 8*f - 7 + 1. Let i be c(9). Calculate the greatest common factor of i and 36.
4
Let f be ((-3)/(-6))/(2/16). Suppose -2*z - h = -379, -2*h + f*h = -2*z + 380. Suppose -34 - 71 = -5*b. Calculate the greatest common divisor of z and b.
21
Suppose 0 = 3*j + 3*j - 300. Calculate the greatest common divisor of 10 and j.
10
Suppose -23*d = -19*d - 60. Suppose d = a - 0*a. What is the highest common divisor of a and 45?
15
Let w = 1 + 3. Suppose w*t - t - 78 = 0. Let h be (2 - 3)*(1 - 40). Calculate the greatest common factor of h and t.
13
Let y = -25 - -14. Let t = -7 - y. Suppose 5*i = -t*q + 24, -4*q + 5 = 2*i - 7. Calculate the greatest common factor of 11 and q.
1
Let j(l) = l**3 - 4*l**2 - 4*l + 7. Let h be j(5). Suppose p + 4*p - 355 = 0. Let g = 155 - p. What is the greatest common factor of h and g?
12
Suppose 3*b + 0*b - 30 = 0. Calculate the highest common divisor of b and 160.
10
Let k be (-30)/(-12)*6/5. Suppose k*p + 2*b = p + 18, -4*b = p. Let o be 0 + p - (-1 - -1). What is the highest common divisor of o and 108?
12
Suppose -2*r - 4*t = -940, -3*r = -2*t + 6*t - 1408. Let s = -292 + r. Suppose 3*w - s = w. What is the greatest common divisor of 8 and w?
8
Let u = -73 - -79. What is the highest common factor of 6 and u?
6
Suppose 3*v + 34 = -4*p, -2*p + 17 = -4*v + 1. Let t(h) = -h**3 - 4*h**2 + 6*h - 6. Let d be t(v). What is the greatest common divisor of d and 60?
30
Suppose 0 = -2*f - 2*q + 8, 3 = -3*f + 3*q - 3. Calculate the highest common divisor of f and 8.
1
Let f be -13*(3 - 0 - 2). Suppose -u - 4 = -5*u. Let t = u - f. Calculate the highest common divisor of 112 and t.
14
Let v(q) = -q**3 - 3*q**2 - 3*q - 3. Let j be v(-3). Let u be 3/j + (-17)/(-2). Suppose -3*l = -6 - u. What is the highest common factor of l and 40?
5
Let k be 1130/14 - (-6)/21. Suppose 31 = 3*j + 4. What is the highest common divisor of j and k?
9
Suppose 4*t = -3*l + 15, 2*t - 2*l - 5 = -3*l. Suppose -4*i - 6 = 2*r - t*r, 24 = 4*r - i. Calculate the highest common factor of 55 and r.
5
Let v(d) = -d**2 + 8*d + 10. Let r be v(8). Suppose 3*b - 63 = -3*a, 4*b + 12 = b. What is the highest common factor of a and r?
5
Let c be (-20)/(-6) - (-8)/12. Suppose 3*u = -2*u + 10, c*u = 5*f - 432. Calculate the highest common factor of f and 8.
8
Suppose 5*i - 5*x + 2*x = 5, -3*i = -4*x + 8. Let n = 0 + 8. What is the greatest common factor of i and n?
4
Let x(l) = -l - 2. Let y be x(-2). Suppose -2*n + 7 + 27 = y. Calculate the greatest common divisor of n and 68.
17
Suppose 10 = -2*o, -2*p - o + 13 = -2*o. Calculate the highest common factor of 36 and p.
4
Let o(f) = 2*f - 4. Let g be o(11). What is the highest common factor of 2 and g?
2
Let v = -6 - -18. Suppose -c - c = -v. What is the greatest common factor of 36 and c?
6
Let c be 1 - (3/6 - (-11)/(-2)). What is the greatest common divisor of 186 and c?
6
Let k = 6 + -3. Let g(x) = 58*x + 1. Let b be g(k). Suppose 4*u - 751 = -b. Calculate the greatest common divisor of 16 and u.
16
Suppose 2*j = -2*x + 12, -x - 14 = -2*x + 3*j. Let u(z) = z**3 - 4*z**2 + 4*z - 5. Let y be u(5). Calculate the greatest common factor of x and y.
8
Suppose -4*z = 5*r - 340, -r + 4*r - 168 = -2*z. Calculate the highest common divisor of z and 135.
45
Let n(p) = 2*p**2 + 3*p - 2. Let c be n(2). Let t = c + -8. What is the greatest common divisor of 1 and t?
1
Suppose -2*w - 4*d = -14, -5*d - 7 = 3*w - 27. Calculate the greatest common divisor of w and 15.
5
Let s(y) = -y**2 + 10*y + 5. Let v be s(9). Let c be v/((-2)/(-23) 